
True
Suppose -2*u + 572 = -2*y + y, 5*y + 3*u = -2886. Let f = 101 - y. Is f composite?
False
Suppose 2*s + j - 8878 = 5*j, 0 = -2*s + 5*j + 8877. Is s composite?
False
Let k(g) = -10*g**2 + 9*g + 14. Let w be k(11). Let j = w + 1546. Is j composite?
False
Suppose 3*q + 1642 = l + 4*q, -l + 3*q + 1658 = 0. Is l/6 + 2/(-6) prime?
False
Suppose 3*b = -b + 13388. Is b prime?
True
Suppose 4*m - 2*m - 5*w = 412, -836 = -4*m + 4*w. Is m a prime number?
True
Let i(x) = 3*x**3 - 10*x**2 + 8*x - 77. Is i(12) a composite number?
True
Suppose 31*m - 439912 = 700237. Is m a prime number?
True
Let i(d) = 69*d + 45. Let r(z) = -276*z - 179. Let c(x) = -9*i(x) - 2*r(x). Is c(-22) a prime number?
True
Let i(p) be the third derivative of p**5/60 - 5*p**4/24 - p**3/3 - 8*p**2. Let m be i(5). Is (-2916)/(-30) - m/(-10) a composite number?
False
Let g(s) = -s + 11. Let t be g(9). Suppose -q = -2*q + t. Is q*((-606)/(-4) - 2) prime?
False
Let t = -8285 + 18238. Is t a composite number?
True
Let z(f) = -5*f**2 - 11*f + 2*f**2 - 8 - 2*f**2 + 4*f**2. Let a be z(-11). Let d(m) = 2*m**2 + m + 11. Is d(a) a composite number?
False
Let t(s) = 40*s**3 - 16*s + 13. Is t(7) composite?
True
Let x(t) be the first derivative of -3*t**3 - 5*t**2/2 + 7*t - 3. Let m(i) be the first derivative of x(i). Is m(-12) a composite number?
False
Let x = 15529 + -8582. Is x composite?
False
Suppose 2*f = -39 - 587. Let o be 9*(-4)/(-30)*-45. Let v = o - f. Is v a prime number?
False
Let m be (-4)/(-6) - (-4 + (-190)/(-15)). Let z(j) = -9*j + 23. Let r(t) = 3*t - 8. Let p(o) = 17*r(o) + 6*z(o). Is p(m) prime?
False
Suppose -10*k + 7*k = -12. Suppose 32 = -k*z + 2*f, -2*f = 3*z - 4*z - 11. Let d(g) = -2*g**3 - 9*g**2 - 4*g - 4. Is d(z) a prime number?
True
Let c(n) = -n**3 - 17*n**2 - 17*n - 6. Let x be c(-16). Suppose j - x = 139. Is j prime?
True
Let x be ((-22)/(-99))/(2/18). Suppose -941 = -3*y - x*w, y - 2*w - w = 332. Is y a prime number?
True
Let t = -46 - -29. Let h = -15 - t. Suppose -5*k + h*p = -629, p = -k - 20 + 150. Is k composite?
False
Let b(o) = 26*o - 3. Suppose m - 20 = -a, 0 = a + 3*m - 0*m - 20. Let l = a - 15. Is b(l) a prime number?
True
Suppose 2*c = g + 4*c - 19613, -5*c - 98035 = -5*g. Is g a composite number?
False
Is 12928 - (-3 + -1 - -7)/(-3) prime?
False
Let j(i) = 29*i - 5. Let h be j(5). Let l = 237 - h. Is l prime?
True
Let v(h) = 1896*h**2. Let n be v(-1). Suppose -419 + n = t. Is t composite?
True
Let u(c) = c**3 + 7*c**2. Let j(s) = -s + 5. Let h be j(12). Let o be u(h). Let q(y) = -y + 331. Is q(o) prime?
True
Let m(t) = 3*t**2 - t + 7. Let l(f) = 6*f**2 - 2*f + 14. Let q(n) = 3*l(n) - 5*m(n). Let y be (3/4)/(44/176). Is q(y) prime?
True
Let r = 9928 + -801. Is r composite?
False
Suppose -j - 5*d = -2*j + 4039, -5*d = -4*j + 16156. Is j composite?
True
Let o = -76 - -79. Is o/(3 - 0) + 226*4 composite?
True
Suppose -3*b - 2*v + 1378 = 0, 3*b - 2*v = -v + 1381. Let m = 674 - b. Is m a composite number?
True
Suppose 5*b = -c + 2*b + 13519, -27034 = -2*c - 4*b. Is c a composite number?
False
Suppose -c - 28 = 5*z, 6*c = c - z - 44. Is c/20 + 0 - 21957/(-5) a composite number?
False
Suppose -4*y = -g - 18, 0 = 2*y + 4*g - 0*g - 18. Suppose -4*z + 1746 = y*q, 696 = 2*q + 2*z - z. Is q prime?
False
Let i(h) = 8130*h + 163. Is i(5) a composite number?
False
Suppose 744621 - 166130 = 31*w. Is w a prime number?
True
Let h(a) = -9*a**3 - 12*a**2 + 11*a + 23. Let m be h(-15). Suppose -11*t + m = -0*t. Is t composite?
False
Suppose 11642 = -9*m - 283. Let l = -880 - m. Is l composite?
True
Suppose -2*d = -2 + 6. Let n be d/(-12) - (-21558)/36. Suppose -4*g - 5*k + n = 91, 3*k = 0. Is g a prime number?
True
Let q(y) = -y**2 - 8*y + 3. Let t(z) = -2*z - 2. Let c be t(3). Let k be q(c). Suppose 0 = -5*w + 2*o + 425, 2*o + 44 = -k*w + 283. Is w prime?
True
Let k = 7 + -7. Suppose k = -2*j + 8, -2*j - 50 = -l - 15. Is l a composite number?
False
Suppose i - j = -1, 4*i + 7 = 3*j + 3. Let g be 2/(-7) + (-568)/(-28). Is (2 + g)*i/(-2) a composite number?
False
Is (4 - -1) + (-1)/(5/(-11830)) composite?
False
Let n(u) = -1 + 5*u**3 - 2*u**3 - 7*u + 1 - 9 + 2*u**2. Is n(4) a composite number?
True
Suppose -2*p - o = p - 3, 5*p = 3*o - 9. Is 3*(-1 - p) + 1472 a composite number?
True
Suppose 0 = 13*p - 6*p - 14329. Is p a composite number?
True
Let q = 234 - 79. Suppose c + q - 2584 = 0. Is c prime?
False
Let w(g) = 3*g**2 - 8*g + 98. Is w(-21) a prime number?
False
Suppose -1 = -f - 4*n + 5*n, f - 3*n - 9 = 0. Let z(j) be the first derivative of 4*j**3/3 + 2*j**2 + 2*j - 240. Is z(f) a composite number?
True
Suppose r = 4*k - r - 8, 5*k = -r + 10. Suppose w - 2021 = -k*i, -2*i + 0*i - 8104 = -4*w. Suppose 6*f = -303 + w. Is f composite?
True
Suppose 2*n = -5*n + 12089. Is n a prime number?
False
Let h = 46 + -47. Let b(j) = -57*j - 7. Let q be b(-6). Is 2 + h - (1 - q) a composite number?
True
Is -1 + (-24)/(-6) + 7054 prime?
True
Suppose 17*g = 4*g + 121615. Is g prime?
False
Suppose 2 = n + 3. Let h be (-2 - (-2 + 0))/n. Suppose -4*w + 8 = h, 4*w = z - 0*w - 675. Is z a composite number?
False
Let b(s) = 57*s**3 - s**2 - 3. Let j be (0 - -5)*2/30*6. Is b(j) composite?
False
Let i = -853 + 5266. Is i a composite number?
True
Let p = 70 - -159. Let q = p + -76. Suppose -s + 145 = -4*a, 482 = 2*s + 5*a + q. Is s composite?
False
Suppose 3*d + d = 4*b + 20852, -2*d + 10434 = -4*b. Is d prime?
True
Let k(j) = j. Let z(d) = d**3 + 5*d**2 + 10*d + 6. Let o(w) = 2*k(w) - z(w). Let a be -1 - (13 - 1)/3. Is o(a) a prime number?
False
Let t = 9970 - 6697. Let f = 1910 - t. Let k = 1920 + f. Is k a composite number?
False
Suppose 2*i = 3*q - 2, -q + 4*q = -2*i + 22. Suppose q*u - 7361 - 6723 = 0. Is u a composite number?
True
Suppose -15 = 5*n, m = -3*n + 13209 + 1231. Is m composite?
False
Let o be 9/(-2)*16/(-36). Suppose -6*q + o*q = -204. Is q a prime number?
False
Let b(a) = 20 + 2*a - 8 - 5 + 9*a**2. Is b(3) prime?
False
Suppose 15*s + 27*s - 126 = 0. Let u be 3/(-2)*5104/(-6). Suppose 0 = s*g - u - 62. Is g composite?
True
Let m(a) = a**3 + 20*a**2 - 44*a - 22. Let s be m(-22). Is (-245077)/(-77) + -2 + (-4)/s composite?
False
Suppose -17*v = -19*v - 28. Let o(s) = -14*s + 27. Is o(v) a prime number?
True
Suppose -26*z = -27*z - 37. Let i = z - -988. Is i composite?
True
Let p = 22 - 9. Suppose -16 = 9*n - p*n. Let g = 127 + n. Is g prime?
True
Suppose -6 = -s - 13. Let z(o) = -2*o**3 - 5*o**2 + 16*o - 6. Is z(s) composite?
True
Let q = 8 + 90. Suppose z + 5*j = q + 31, -451 = -3*z + j. Is z prime?
True
Suppose -21*i = -20*i - 5. Suppose 0 = -4*s + 8, -4*t - i*s + 1965 = -297. Is t composite?
False
Let t = -4842 + 2294. Let c = t - -4697. Is c composite?
True
Let b = 15 - 9. Let g be -9 - (-2)/b*-3. Is (5/(g/212))/(-2) a composite number?
False
Suppose -3*b - 2*b - 83130 = 0. Is b/(-15) + 6/10 composite?
False
Let i = 11150 + -4874. Suppose -7*c = -c - i. Suppose 4*y = j + 2160, 4*j + c = 5*y - 1643. Is y a composite number?
False
Suppose j - 22869 = 13502. Is j prime?
False
Suppose -5*t + 116 = -s, 2*t = 5*s - 2*s + 49. Let p = -1 - t. Let c = 113 + p. Is c composite?
False
Let h(d) = 747*d + 41. Is h(2) prime?
False
Is (-8)/1 + 3 + 9786 a composite number?
False
Let v(j) = -13*j**3 - 5*j**2 + 4*j + 1. Let f be v(-4). Suppose -f - 588 = -5*h. Let q = -188 + h. Is q a composite number?
True
Suppose -2*s = -3*g - 30, -g + 15 = s + 2*g. Let t = s + -12. Suppose -44 = -t*r + r. Is r a composite number?
True
Let h = 17505 + -10102. Is h a composite number?
True
Suppose 1749 = 4*x + 2*u - 4345, -5*x + 4*u + 7598 = 0. Suppose -3*k + x = n - 968, -3301 = -4*k + 5*n. Let i = k + -78. Is i a prime number?
True
Let v(n) = -3*n - 7. Let k be v(-2). Is (2/((-2)/k))/(2/4414) prime?
True
Let t = -198 + 2603. Suppose -6*f = -19*f + t. Is f composite?
True
Let p = 17 - 15. Suppose -3*n - 3*u - 939 = 0, 3 = -p*u - 3. Let s = n - -543. Is s a composite number?
False
Let d(u) = -15*u**3 + 6*u**2 + 2*u. Let b be d(-4). Suppose 0 = 2*v - 3*s - b, -4*v + s - 3*s + 2112 = 0. Is v composite?
True
Let f = 16371 + -8060. Is f composite?
False
Is (-38285448)/(-600) - 2/25 prime?
True
Let m(o) = -508*o + 19. Let z be m(1). Let c be 4038/(-5) - 4/10. Let b = z - c. Is b a prime number?
False
Let b(q)